me factors of 138260131.
19, 7276849
List the prime factors of 1236956718.
2, 3, 53, 3889801
What are the prime factors of 10643695?
5, 31, 68669
List the prime factors of 461945604.
2, 3, 38495467
List the prime factors of 447285110.
2, 5, 127, 352193
List the prime factors of 2108301.
3, 13, 54059
What are the prime factors of 390347591?
17, 571, 40213
List the prime factors of 32788629.
3, 3643181
List the prime factors of 7301078606.
2, 47, 77671049
What are the prime factors of 312413287?
312413287
List the prime factors of 2062030355.
5, 7, 11, 29, 184687
What are the prime factors of 11779001?
13, 97, 9341
List the prime factors of 155302021.
7, 17, 186437
What are the prime factors of 188007834?
2, 3, 7, 79, 56663
What are the prime factors of 40215575?
5, 83, 19381
List the prime factors of 33063348.
2, 3, 37, 113, 659
What are the prime factors of 910766212?
2, 269, 846437
List the prime factors of 5437243.
7, 776749
List the prime factors of 300636740.
2, 5, 167, 90011
List the prime factors of 1706580791.
1706580791
List the prime factors of 7979506581.
3, 2659835527
List the prime factors of 786573605.
5, 157314721
List the prime factors of 988943405.
5, 137, 1443713
What are the prime factors of 4308207?
3, 1436069
List the prime factors of 3379201078.
2, 11, 17, 23, 83, 4733
List the prime factors of 472257698.
2, 11, 21466259
List the prime factors of 341913612.
2, 3, 673, 42337
What are the prime factors of 133698269?
19, 151, 46601
What are the prime factors of 2808541510?
2, 5, 67, 1487, 2819
List the prime factors of 149246928.
2, 3, 345479
List the prime factors of 371935101.
3, 331, 374557
List the prime factors of 99785157.
3, 33261719
What are the prime factors of 106195069?
37, 463, 6199
List the prime factors of 20778778.
2, 3119, 3331
List the prime factors of 393523202.
2, 196761601
What are the prime factors of 113817423?
3, 37939141
List the prime factors of 2305398205.
5, 11, 157, 266983
What are the prime factors of 259957601?
19, 13681979
List the prime factors of 2612575712.
2, 81642991
What are the prime factors of 2702350270?
2, 5, 23, 107, 109807
List the prime factors of 59687291.
59, 1011649
What are the prime factors of 337518668?
2, 239, 353053
List the prime factors of 144128453.
7, 2941397
List the prime factors of 1008597563.
1008597563
List the prime factors of 38795461.
38795461
List the prime factors of 102248405.
5, 7, 19, 153757
List the prime factors of 75483227.
75483227
What are the prime factors of 2162296366?
2, 43, 2557, 9833
List the prime factors of 1331766030.
2, 3, 5, 7, 61, 103963
What are the prime factors of 87264074?
2, 19, 29, 79187
List the prime factors of 21101886.
2, 3, 13, 31, 2909
List the prime factors of 56970963.
3, 7, 31, 941
List the prime factors of 33688435.
5, 11, 71, 8627
What are the prime factors of 4793974011?
3, 103, 271, 6361
What are the prime factors of 1131121895?
5, 167, 1354637
List the prime factors of 186326719.
101, 1844819
List the prime factors of 2119249883.
43, 49284881
List the prime factors of 1441297065.
3, 5, 13, 47, 12097
List the prime factors of 166982179.
7, 13, 1834969
What are the prime factors of 23653569?
3, 43, 183361
What are the prime factors of 1465121285?
5, 17, 577, 29873
List the prime factors of 1953417946.
2, 17, 1009, 56941
List the prime factors of 3455178.
2, 3, 575863
List the prime factors of 56131187.
7, 19, 53, 7963
What are the prime factors of 3059474960?
2, 5, 38243437
List the prime factors of 720337420.
2, 5, 11, 3274261
List the prime factors of 157406012.
2, 4447, 8849
What are the prime factors of 25719932?
2, 7, 89, 10321
What are the prime factors of 236672819?
2351, 100669
List the prime factors of 2575103436.
2, 3, 139, 227, 2267
What are the prime factors of 1023544928?
2, 7, 93253
What are the prime factors of 48232306?
2, 347, 69499
List the prime factors of 49750343.
41, 191, 6353
List the prime factors of 2373712943.
7, 2953, 114833
List the prime factors of 2099424925.
5, 13, 853, 7573
What are the prime factors of 168150764?
2, 42037691
List the prime factors of 2198591958.
2, 3, 113, 28697
What are the prime factors of 514976590?
2, 5, 51497659
What are the prime factors of 578424505?
5, 19, 31, 197, 997
List the prime factors of 55158032.
2, 3447377
List the prime factors of 539106065.
5, 107821213
What are the prime factors of 54863690?
2, 5, 7, 783767
What are the prime factors of 3859220325?
3, 5, 41, 139, 9029
What are the prime factors of 119883373?
251, 477623
List the prime factors of 1702254651.
3, 347, 839, 1949
List the prime factors of 2560662798.
2, 3, 426777133
What are the prime factors of 407471738?
2, 53, 829, 4637
What are the prime factors of 934351?
11, 29, 101
What are the prime factors of 120939656?
2, 15117457
List the prime factors of 81871325.
5, 73, 113, 397
List the prime factors of 658341709.
658341709
List the prime factors of 689701886.
2, 67, 1471, 3499
List the prime factors of 172643848.
2, 13, 1660037
List the prime factors of 112253095.
5, 22450619
What are the prime factors of 127462983?
3, 113, 375997
What are the prime factors of 852329850?
2, 3, 5, 17, 334247
What are the prime factors of 97538689?
97538689
List the prime factors of 268271936.
2, 83, 50503
List the prime factors of 3190026374.
2, 283, 1019, 5531
What are the prime factors of 4656188039?
4656188039
What are the prime factors of 1541903?
11, 12743
What are the prime factors of 38655297?
3, 17, 317, 797
List the prime factors of 4552706204.
2, 19, 23, 2604523
What are the prime factors of 52167141?
3, 13, 19, 31, 757
List the prime factors of 114544771.
11, 929, 1019
List the prime factors of 130918228.
2, 7, 1949, 2399
List the prime factors of 434955241.
7, 631, 98473
List the prime factors of 2643542784.
2, 3, 382457
What are the prime factors of 1852942986?
2, 3, 467, 73477
What are the prime factors of 151583522?
2, 29, 90121
What are the prime factors of 1663692837?
3, 79, 7019801
List the prime factors of 2576125226.
2, 17, 317, 239017
List the prime factors of 410001838.
2, 205000919
List the prime factors of 70311936.
2, 3, 2861
What are the prime factors of 699219684?
2, 3, 19, 1022251
List the prime factors of 30284901.
3, 419, 2677
List the prime factors of 39728794.
2, 7, 31, 91541
List the prime factors of 4299134581.
7, 41, 14979563
List the prime factors of 539025896.
2, 19, 97, 36559
What are the prime factors of 273647227?
7, 37, 43, 24571
List the prime factors of 274211770.
2, 5, 7, 1301, 3011
What are the prime factors of 501418720?
2, 5, 11, 284897
List the prime factors of 28409797.
13, 2185369
What are the prime factors of 217914212?
2, 54478553
List the prime factors of 216415206.
2, 3, 7, 19, 30133
What are the prime factors of 76586145?
3, 5, 199, 25657
What are the prime factors of 1143743595?
3, 5, 17, 61, 73529
List the prime factors of 3959836661.
11, 11003, 32717
What are the prime factors of 29021655?
3, 5, 13, 148829
List the prime factors of 84054768.
2, 3, 7, 97, 2579
What are the prime factors of 180406067?
180406067
List the prime factors of 2036278160.
2, 5, 7, 3636211
What are the prime factors of 185671120?
2, 5, 73, 31793
What are the prime factors of 121755339?
3, 4509457
What are the prime factors of 345229967?
345229967
List the prime factors of 853047490.
2, 5, 85304749
What are the prime factors of 5798975579?
19, 23, 13269967
List the prime factors of 5628080014.
2, 2814040007
What are the prime factors of 41501923?
43, 965161
List the prime factors of 14712816.
2, 3, 306517
What are the prime factors of 53172306?
2, 3, 11, 268547
List the prime factors of 673090105.
5, 19, 241, 29399
What are the prime factors of 157298769?
3, 367, 47623
List the prime factors of 8094886086.
2, 3, 7, 41, 4700863
List the prime factors of 44855809.
17, 1279, 2063
What are the prime factors of 197292487?
7, 173, 162917
List the prime factors of 149906859.
3, 49968953
What are the prime factors of 63750912?
2, 3, 83009
List the prime factors of 3944433.
3, 43, 30577
List the prime factors of 339550826.
2, 17, 71, 140659
List the prime factors of 19598491.
11, 161971
List the prime factors of 136141696.
2, 829, 1283
List the prime factors of 106393606.
2, 11, 41, 1072